2/21 - 26/(-182)?
24
Let m = -5 - 59. Let r = m + 121. What is the remainder when r is divided by 29?
28
Let n = -113 + 137. Calculate the remainder when 116 is divided by n.
20
Let o be -7*1*18/(-42). Suppose -c + o*c - 20 = 0. Suppose 0 = -c*u + 8*u + 4. What is the remainder when 8 is divided by u?
0
Let t(q) = q**2 + q + 0*q + 12*q**2. Let w = -394 + 407. What is the remainder when t(-2) is divided by w?
11
Let m = -274 - -544. What is the remainder when m is divided by 20?
10
Suppose 8*d - 287 - 673 = 0. Calculate the remainder when d is divided by 34.
18
Let x(n) = -n**2 - 14*n + 15. Suppose 3*r + 0*r = 6. Let d be r/1 + -9 + -7. Calculate the remainder when 27 is divided by x(d).
12
Let i(p) = -2*p**3 - 2*p**2 - 2*p - 1. Let q be (-8)/(-12) - (-1046)/6. Let f = -121 + q. What is the remainder when f is divided by i(-2)?
10
Let k(g) = 4*g**2 + 2*g + 1. Suppose 128*u + 34*u - 6156 = 0. What is the remainder when u is divided by k(2)?
17
Let o = -46 - -69. Let m = -9 - -15. What is the remainder when o is divided by m?
5
Suppose m - 17 = -5*t + 33, -4*m - 3*t = -166. What is the remainder when 202 is divided by m?
2
Suppose 3*y + 7*h - 2*h - 106 = 0, -h = -3*y + 112. Calculate the remainder when 60 is divided by y.
23
Let d be (22 - -1) + (1 - 2). Let i = d - 15. Suppose 0 = -r + 2*r - 2. What is the remainder when i is divided by r?
1
Let n = 12 + -10. Calculate the remainder when 84 is divided by (-4)/(10 + n)*-87.
26
Let p = 31 + -17. Suppose 5*f + u - 202 = -11, 5*f + 4*u = 194. Suppose h = n + f, 4*h - 80 - 78 = 2*n. What is the remainder when h is divided by p?
13
Let m = -142 + 147. What is the remainder when m is divided by 2?
1
Let q(p) = 11*p + 2. Let x(r) = r**2 - r - 2. Let w be x(3). Calculate the remainder when q(w) is divided by 24.
22
Suppose 3*c = -2*h + 134 - 32, 0 = 5*h - 15. Let j = -30 + c. What is the remainder when 2 is divided by j?
0
Let y(s) be the first derivative of -7*s**2/2 - 30*s - 13. Suppose 4*z - 65 = 39. What is the remainder when y(-15) is divided by z?
23
Suppose 2*m + 9*h = 55, 2*h - 3*h + 24 = m. What is the remainder when m is divided by 14?
9
Suppose 0 = 9*u - 8*u - 142. What is the remainder when u is divided by 9?
7
Let o(b) = -b**3 + 13*b**2 + 17*b - 14. Let j be o(14). Suppose 14*g - 868 = -j. What is the remainder when g is divided by 22?
16
Let f = 79 - 39. Calculate the remainder when 319 is divided by f.
39
Let l = -1 + -2. What is the remainder when (-25)/(-3)*(-36)/(-20) - 0 is divided by 3 - -3 - (l - -1)?
7
Suppose 0 = -2*t + 4*t - 18. Suppose -73*k + 60*k = -182. Calculate the remainder when k is divided by t.
5
Let c = -4 + 65. Let b = 91 - c. Calculate the remainder when 178 is divided by b.
28
Let j(w) be the second derivative of -w**3/6 + 31*w**2/2 + 15*w. Calculate the remainder when j(-4) is divided by 13.
9
Suppose -22*p = -18*p - 156. Calculate the remainder when p is divided by 10.
9
Let l be 9 + (-5)/2 + (-3)/(-2). Let y(g) = -g**3 + 10*g**2 - 5*g - 27. What is the remainder when y(l) is divided by 16?
13
Suppose -2*u = 2*u - 4*m + 32, 5*m = -u - 8. Let s = u + 16. Suppose -5*h + 43 = s. What is the remainder when 16 is divided by h?
2
Let v = 28 + -26. Let h = v - 3. What is the remainder when 48 is divided by h/(2/4) + 19?
14
Suppose 3*c + 3*f - 217 = 5, 4*c - 287 = 5*f. Calculate the remainder when 802 is divided by c.
72
What is the remainder when 58 + (-24)/(5 + 7) is divided by 11?
1
Suppose -5*k - 6*n + 8*n = -641, 3*k = 3*n + 381. What is the remainder when k is divided by 29?
13
Let j(c) = 5*c + 1. Let m be j(12). Suppose -2*t - 5*x + 77 = 0, -4*t - m + 230 = 5*x. Suppose 3*l - 5*l = -t. Calculate the remainder when l is divided by 12.
11
Suppose 2*c + 1 - 3 = 0, 4*h - 2*c - 110 = 0. Calculate the remainder when h is divided by 18.
10
Let x(r) = -3*r - 4. Let u be x(-4). Let c = u + -1. What is the remainder when c is divided by (-1 - -3)/((-6)/(-9))?
1
Suppose 52 = -4*p + 8*p. Suppose 0 = u + 4 - 0. Calculate the remainder when (3 - u)/(1/5) is divided by p.
9
Suppose -6*f + 88 = -2*f. Let l = f + 35. Let c = -16 - -31. What is the remainder when l is divided by c?
12
Let a be (-4)/((-8)/10) - 0/(-4). Suppose 2*m - 298 = -3*z + 48, 0 = a*z + 3*m - 577. Calculate the remainder when z is divided by 17.
14
Let r(f) = -f + 8. Let c be r(8). Suppose -5*m - v + 15 = c, -3*m + 3*v = 2*v - 1. Suppose 2 - 10 = -m*k. Calculate the remainder when k is divided by 3.
1
Let l be 1/((-2 + -1)/(-3)). What is the remainder when l/2*(-376)/(-4) is divided by (-1)/6 + 438/36?
11
Calculate the remainder when (-70)/4*(-24)/10 is divided by (-73 + 18)*1/(-5).
9
Let b = 42 + 15. What is the remainder when b is divided by 10?
7
Let y = 12 + -6. Let n be ((-9)/y)/((-9)/24). Suppose -85 = -5*m + 4*i, 5*i - 85 = -n*m - m. Calculate the remainder when 49 is divided by m.
15
Let p = -995 + 1008. Calculate the remainder when 674 is divided by p.
11
Let d(x) = x**3 + x. Let h be d(1). Suppose 2*l = 0, 5*l + 22 + 78 = -h*y. Calculate the remainder when -333*(y/15 + 3) is divided by 19.
16
Let n(z) = z**3 - 14*z**2 - z + 16. Let c be n(14). Suppose c*u + 5*d = 184, 3*u - 3*d = -0*d + 255. Calculate the remainder when u is divided by 22.
21
Let l = 778 - 764. What is the remainder when 34 is divided by l?
6
Let x = -1118 - -1194. Calculate the remainder when 78 is divided by x.
2
Let f(v) = -v**3 + 5*v**2 - 10. What is the remainder when 94 is divided by f(4)?
4
Suppose 2*w - 13 = -s, 5*w - 3 - 17 = 0. Suppose -2*c + 21 - 11 = 0. Calculate the remainder when c is divided by s.
0
Let s be (13/(-52))/(2/(-8)). Let i(x) = s + 10*x**2 - 25*x**3 - 23*x**3 - 10*x**2. Calculate the remainder when i(-1) is divided by 13.
10
Suppose 12*o + 48 = 240. Calculate the remainder when 493 is divided by o.
13
Suppose 0*b + 84 = 2*b. Suppose -38*t = -b*t + 216. Calculate the remainder when t is divided by 11.
10
Let a = 72 - 56. Suppose 2*f = -t + 7*f - a, -5*f + 40 = 5*t. Suppose -3*j = -0*j - 2*p - 39, -5*j + p = -72. Calculate the remainder when j is divided by t.
3
What is the remainder when 12/14*155652/153 is divided by 35?
32
Calculate the remainder when 209 is divided by ((-130)/(-39))/((-15)/(-36)).
1
Let d(x) = 4*x**2 - 6*x - 4. Let t be d(5). Suppose 3*w - 37 + 202 = 5*k, -2*k + t = -3*w. Calculate the remainder when 75 is divided by 6/k + (-284)/(-11).
23
Let u(r) = 2*r**2 + 8*r - 54. What is the remainder when u(-12) is divided by 35?
33
Let i(g) = g**2 + 10*g + 20. What is the remainder when i(7) is divided by 35?
34
Let t be 72/16*(1 + 3). Suppose -2*n = -s + t, 0*s + n - 90 = -4*s. Calculate the remainder when s is divided by 16.
6
Let w(n) = -2*n**2 + 37*n + 20. Calculate the remainder when 2 is divided by w(19).
0
Let m(a) = a**2 - 2*a - 4. Let n = -22 + 26. Let y = 5 + 0. Calculate the remainder when y is divided by m(n).
1
Suppose -3*d = -2*u - 159, -d - 4*u + 19 + 20 = 0. Calculate the remainder when 142 is divided by d.
40
Let d = 58 + -51. Calculate the remainder when (-12)/10*1500/(-45) is divided by d.
5
Suppose a + 0*a - 4*u - 35 = 0, -3*u + 60 = 5*a. Calculate the remainder when 252 is divided by a.
12
Suppose 0 = 3*y - 8*y. Let g be y/(-4) + -3 + 11. Let a = 3 + g. What is the remainder when 41 is divided by a?
8
Suppose 0 = -f - f - m + 5, 0 = -2*m + 2. Suppose 0*y = -f*y. Let h = y + 45. Calculate the remainder when h is divided by 23.
22
Let x = -179 - -190. Calculate the remainder when x is divided by 5.
1
Let r = 105 + -26. Let o = 98 - r. Calculate the remainder when 110 is divided by o.
15
Let t be (5 + -3)/((-2)/11). Let f = 16 + t. What is the remainder when (1*-8)/((-2)/3) is divided by f?
2
Let l(r) = 274*r**3 + 2*r**2 - 2. Let j be l(-1). Let p = -93 - j. What is the remainder when p is divided by 37?
33
Suppose -102 = -v - 2*v. Let u = -26 + v. Calculate the remainder when u is divided by 8.
0
Let m be (-3 - -1)/(2/10*-1). Suppose 2*v - 336 = -m*v. Calculate the remainder when 79 is divided by v.
23
Let m(d) = -2*d**3 - 14*d**2 + d + 5. What is the remainder when m(-9) is divided by 65?
60
Let w = -83 - -119. Let y = w + -31. Suppose 2*o = 3*o - 14. Calculate the remainder when o is divided by y.
4
Let f(q) = 2*q**2 - 4*q - 2. Suppose 36 = 2*d - 8. What is the remainder wh